
-23
What is 0 + (36 + (3 - 1) - (-49 + -10 - -59))?
38
(-42 - (-34 + -39 + 14)) + (1 - -46)
64
-1 - 0 - 27 - (25048 - 24998)
-78
Evaluate -1 - (109 - -1) - (-139 - (-123 - 9)).
-104
What is the value of 1 + 2 + -17 + (332 - 140) + -220?
-42
What is the value of 1 + 11 + (1 - 0) - (27032 - 26981)?
-38
79 + 0 - (37653 - 37524)
-50
-18 + ((-9 - 1) + -1 - (-1502 + 1502))
-29
Evaluate -26 + -1 + 0 + -1 - ((112 - 31) + -80).
-29
Calculate -23 - 1 - (41 - ((-49 - -22) + 57)).
-35
What is -109 + -12 - (0 - 1 - -20 - 6)?
-134
Calculate 6 + 21 + (-14 - 1) + (-2 - -35).
45
36 + 2 + -3 - (15 + -40 + 29)
31
Evaluate ((6 - -8) + -9 - 14) + 20.
11
Evaluate -2 + 96 - (-6 - (-1 - 27) - 2).
74
What is (-78 + 156 - 131) + 42?
-11
(8 + -1 - 21) + 21 + -20 + 37 + -46
-22
What is the value of 3524 - 3600 - (-2 - (9 + 1))?
-64
What is 18 - -1 - 36 - (-48 + 3)?
28
What is the value of 36 + 10 + -81 + 20 - (-1 - 25)?
11
What is (-9 - 0) + 8 + 41 - (-12 - (10 - 12))?
50
Evaluate (-49 - -52 - -103) + -1 + -23.
82
(-78 - -137) + -142 - -161
78
What is the value of 73 + -83 + (-4 - 33)?
-47
Calculate -9 + (669 - 665) + (-1 + 5 - (6 + -117)).
110
What is the value of -1 - ((-10 - -3) + 3 - (2 - 1)) - -34?
38
-7 + (-6 - ((-8 - (5 - 7) - -29) + 10))
-46
Evaluate (135 - -27) + -29 - 70.
63
What is (-10 - -30) + -10 + (45 - -14) + 4 + 1?
74
-34 + -40 + (111 - 50)
-13
-2789 + 3007 - (126 - 3)
95
Evaluate (-23 - 25 - -2) + 44.
-2
Evaluate -42 - -3 - (-75 - (30 - 31)).
35
What is (18 + -1 - -5) + -4 + (4 + 4 - -2)?
28
(-24 + 53 - 10) + 1 + -3
17
Evaluate 51 - (-32 + (47 - 0)).
36
What is the value of -10 + (-2 - -4) + 93 + 11 + -13 - -15?
98
Evaluate (1485 - 1510) + 7 + 1.
-17
Calculate 16 - (-16 + 10 + (-25 - -6) + -5).
46
Calculate (-60 - -76) + -137 + 111.
-10
What is the value of (32 - 16) + (15 - 11) - -13?
33
-85 - (103 + (-184 - 66))
62
102 + -115 + (-7 + -19 - -10)
-29
42 + -6 - (43 + -11 + -35)
39
-1 + 1 - ((1 - ((17 - 47) + 52)) + 3)
18
-12 + (5 + 24 + -12 - 6) + (-8 - -8)
-1
Calculate -44 + -82 + (74 - 4).
-56
0 + (-8 - (-2 - -3)) + -208 + 168
-49
What is -187 + 192 + 0 + -32 + 1 + 0?
-26
-6 + (16 - (21 + (11 - 12)))
-10
What is the value of -71 - -7 - -19 - (-3 - ((-6 - -11) + -1))?
-38
(-236 - -233) + 9 + -2 + (4 - 5) + 3
6
Calculate 42 + (-60 - -21) + (11 - -9).
23
Evaluate -50 - (-210 + 233 + -1 + 3).
-75
59 + (79 - 153) - (-8 - 1)
-6
What is -23 - (19 - 3 - (2 - -24))?
-13
What is the value of (9 + -55 - -23) + 9 - 26?
-40
Evaluate 21 - ((-15 - 6) + 5 + 11) - -16.
42
What is the value of 98 + (-52 - -5) + 0?
51
Calculate 1 - (14 - (-132 + 133 - (5 + 0))).
-17
-14 + -4 + -34 + -9 + 27
-34
What is 49 + (80 - 138) + (0 - 10)?
-19
Calculate (4 - (-10 - -11)) + (57 + -1 - -11).
70
What is -73 + 85 + (-1 - -2) - (-19 + 5 + 7)?
20
-107 + 5 + (140 - 86)
-48
What is the value of -6 - (-5 + -39) - (0 + -31)?
69
(35 - -61) + -48 + 3 + (2 - -7)
60
Calculate -2 + -5 - ((-13 - -6) + 7) - 3.
-10
What is the value of 29 + (21 - (18 + (1 + -11 - -1)))?
41
What is -147 + (0 + 4 + 2 - (56 + (46 - 99)))?
-144
Evaluate (1419 - 1395) + (-1 - 75) + 0.
-52
-103 - -69 - (-72 + (7 - 10))
41
398 + -408 + (14 - -45)
49
(-6 + 0 - -11 - 8 - -3) + 31 + 5
36
What is -17 + 16 + -2 + 107 - ((-2 - -17) + -8)?
97
Calculate -31 + 0 - (-1518 + 1473).
14
Evaluate (129 - 65) + -23 + -18.
23
Evaluate -3 + 2 - (9 - (-3 + 3 + 9)).
-1
-43 - (-2 - 138) - 189
-92
Evaluate 13 - (-1 + -2 + -42 + (11 - -43) + -25).
29
What is 74 + -11 + -67 + (4 - 31)?
-31
Calculate (1 - (2 + 127)) + (182 - 211) + 50.
-107
Calculate -21 + 16 + 13 + (47 - (-3 + 4)).
54
Evaluate 20 + 41 + -28 + -101 - 20.
-88
(-4 - -5) + 2 - (14 + 20 + -27)
-4
Evaluate -2 + -41 + 2058 + -2067.
-52
Calculate (113 - 41) + -48 - 53.
-29
Calculate 1 - 0 - -2 - (-5741 - -5701).
43
What is -123 - (137 + 21 + -409)?
128
Calculate 229 + (-314 - -79) - (2 - -20).
-28
What is the value of (44 - 109) + 99 + -1 + -6?
27
Calculate (9 - 4 - 36) + -499 + 503.
-27
What is the value of 78 - (10 + (-25 - (-26 + 23)))?
90
What is (7 - 15) + -5 - 28?
-41
What is 4 + (9 - 5) - (-53 + 30)?
31
19 - (68 - (-24 - (5 + -10)))
-68
What is 208 - (-80 - -133 - -50)?
105
What is 161 + (2 - (-12 + 16 + 5 - 2) - 10)?
146
What is (34 - -5) + (55 - 41 - (9 + -2 + -3))?
49
What is 10 - 1 - (-81 - (79 - 116))?
53
-15 + (-9 - -8) - (12 + -24)
-4
What is -1 - (-26 + (17 - 4) - (-6 + 9))?
15
43 - (-11 - -19 - (0 - -11))
46
What is the value of (21 - (179 - 58)) + 49?
-51
Evaluate -17 + 7 + (1 - (-1 - (-22 + 11)) - 0).
-19
What is 16 + 31 + -85 - (4 + -29)?
-13
What is 2 - -96 - (-10 - (-19 - (-28 - -18)))?
99
Evaluate (26 + -1 - (57 + -42)) + -16.
-6
What is the value of 45 + 4 - 3 - (11 + -33 - -29)?
39
Evaluate (-14 - (-1 - 6) - 5) + (5 - (7 - -26)).
-40
(-15 - -20) + 15 - 68 - -23
-25
What is the value of -76 - -78 - -103 - 125?
-20
Calculate 6 - (-46 - (-18 - (-34 + 4 + 13))).
51
Calculate 7 - (8 + -22) - -2 - 59.
-36
-4 - 1 - (582 + -589)
2
(-50 - -1) + -2 - (193 + (13 - 196))
-61
26 + -29 - (55 + -64 - (-40 + 0))
-34
Calculate -1 + 7 - (-20 - (-20 - -5) - -5) - 46.
-40
What is (-12 - 0) + (-9 - 7 - (-9 + 1))?
-20
What is 1 + -3 + -61 + (4966 - 4939)?
-36
Evaluate -82 + (-105 - -57) + 64.
-66
Evaluate -876 - -840 - (-16 + -2) - (-41 - 1).
24
0 + 0 + -2 + (-46 - -59) - -34
45
Calculate -18 - (-1 - (-5 + 1 + 4)).
-17
What is the value of -49 + (-2 - -2) - (-24 + (31 - (-24 + 25)))?
-55
What is the value of (1403 - 1386) + 71 + (4 - -1)?
93
Evaluate -33 + (55 - (23 + 5) - -4) - (1 - -108).
-111
Evaluate 585 + -583 + (-3 - (-1 + 1) - (-1 + -28)).
28
What is the value of -61 + -62 + 67 + 87?
31
What is 0 + 9 + -15 + (2 + -5 - (134 + -145))?
2
What is the value of 1 + (13 - (32 + -41)) + 23?
46
Evaluate 24 + -46 - -27 - (5 + -4 - (-7 + -49)).
-52
What is the value of (7 - -108) + (-16 - -7) - (-208 + 220)?
94
Calculate 21 - ((3 - 15) + 21 + -28).
40
(-45 - -51 - -37) + (-3 - (-8 - (-1 - -3)))
50
What is 1 + 12 - ((-63 - 114) + 134)?
56
Evaluate (58 - -41) + -144 + (-62 - -1).
-106
(43 - 19 - 57) + 18
-15
Evaluate (6 - ((23 - 7) + -31)) + 19 + 8.
48
(1103 - 1017) + 9 + -35 + 3
63
-80 - (6 + -27 - (-37 - (-6 + -10)))
-80
7 + (-3 - -5 - (3 + (-17 - (12 - 82))))
-47
What is the value of -37 - (72 + -76 + (9 - 3 - 1) + -7)?
-31
Evaluate (-17 + 17 - -1) + 5 + -7 + -2 - 29.
-32
What is (-12 - -15 - (-41 - 5)) + 36 + -23?
62
What is (91 - (187 - 115)) + -53?
-34
What is (3 + -7 - -52) + -3234 + 3248?
62
What is the value of -36 + 22 - (-8 + 1 - (105 + 46 + -11))?
133
Calculate 8 - (-3 - ((13 - 4 - -6) + -15)) - 116.
-105
What is the value of (-18 - (-23 + 11)) + (-18 - -5) - 1?
-20
Evaluate 7 - (-7 - (-1 - (-5 + 20))).
-2
What is -214 + 154 + (-1 - -21) + -19?
-59
What is the value of 9 + -29 + (20 - 18) + 11?
-7
Calculate 475 - 478 - (0 - 2) - -3.
2
What is the value of 23 + -17 + 4 + -15 - (7 - 11)?
-1
What is 80 + -20 + (79 - 207)?
-68
Evaluate 109 - 115 - -3 - (12 - -2).
-17
What is the value of -3 - (1 + -1 + (6 - 4)) - (191 - 179)?
-17
(-1 - 0) + 1 - ((-46 - (-67 - -73)) + 61)
-9
What is the value of (9 - (5 - (-8 + 4))) + -3 + -36 + 3?
-36
What is (5 - 89) + (-56 - -170)?
30
Evaluate -12 - (12 + 0 + -45 + -13).
34
What is the value of 110 - 186 - -85 - (18 + -2 - 3)?
-4
Calculate 68 + -155 + -45 + 141.
9
What is the value of -217 + 240 + (0 - -18) - -4?
45
Calculate (59 + -23 - -4) + -3 + -20 + -29.
-12
Calculate -14 + 12 + -9 - 31.
-42
Calculate -13 + (10 - -1) + 11 - 0 - (-13 - -4).
18
What is (5 - 16) + -9 - -32 - (-10 - (0 + 0))?
22
Calculate (10 - 15) + 56 - (247 + -269).
73
What is the value of (5 - 9) + (85 - 185 - (-5 + 14))?
-113
What is -28 + (17 - (-1 + (-17 - 12)))?
19
What is the value of -53 + 174 + -115 + 72?
78
Calculate 31 + (9 - 28) + 35 + -12.
35
What is -26 - (39 - -2 - 53)?
-14
Evaluate -43 + 46 + (-31 - -71).
43
Calculate 0 + (-17 - -15 - 121) + (22 - 6).
-107
What is -54 + -22 - (-11 + 10 + 8) - -9?
-74
Calculate (-12 - -28) + 4 + 0 + 52 + -80.
-8
What is 64 - 95 - (25 - 4)?
-52
Calculate (51 - -16) + -67 + 43 + -1.
42
Calculate -3 + 0 + -38 + -1 + (-46 - -76 - 35).
-47
What is (-1 + 11 - (59 - 36 - (16 + 2))) + -39?
-34
What is the value of 2 + 2 + 1 + (-25 - (21 - 7)) - 3?
-37
43 + 84 + -238 + 9 + -4
-106
-24 + 53 - (-6 - -91)
-56
Evaluate 40 + (0 + -12 + -